121051*t - 7263061. Determine i(-60).
-1
Let x(w) = -88*w**2 + 534*w + 4466. Calculate x(-8).
-5438
Let m(u) = -2993*u + 80821. Determine m(27).
10
Let j(o) = -o**3 + 83*o**2 - 1632*o - 10. Give j(51).
-10
Let o(i) = 10*i**2 + 4368*i - 30518. What is o(7)?
548
Let n(k) = 3*k**3 + 386*k**2 + 235*k - 374. Calculate n(-128).
2314
Let z(g) = 2*g**3 - 6*g**2 - 1064*g + 2143. What is z(2)?
7
Let g(t) = t**3 - 5*t**2 - 289*t + 1168. What is g(4)?
-4
Let y(r) = r**3 - 11*r**2 - 1144*r + 10423. Determine y(9).
-35
Let y(h) = -3*h**2 - 187*h + 5957. What is y(-86)?
-149
Let b(j) = 1891*j + 35949. What is b(-19)?
20
Let u(m) = m**2 + 471*m - 7793. Determine u(16).
-1
Let t(u) = -u**3 + 6*u**2 + 94*u - 833. What is t(9)?
-230
Let u(n) = 1929*n + 29075. Calculate u(-15).
140
Let z(j) = -j**3 - 232*j**2 + 298*j + 15273. What is z(-233)?
128
Let d(i) = -2*i**3 + 45*i**2 + 69*i - 718. Calculate d(23).
340
Let q(u) = -2*u**2 + 7046*u + 21151. Give q(-3).
-5
Let k(h) = -h**2 + 490*h - 13376. Give k(29).
-7
Let l(i) = 2494*i - 50183. Determine l(20).
-303
Let d(h) = -13*h**3 - 107*h**2 + 32*h - 19. Give d(-9).
503
Let b(x) = -36*x**2 - 504*x - 263. Calculate b(-14).
-263
Let f(i) = -427*i - 2495. Give f(-6).
67
Let t(v) = -v**3 - 244*v**2 + 980*v - 3039. Calculate t(-248).
-63
Let r(c) = -162*c - 847. Give r(-3).
-361
Let v(s) = 210*s + 29089. What is v(-130)?
1789
Let t(v) = v**3 + 68*v**2 + 1083*v + 5. Calculate t(-38).
2171
Let q(h) = -24*h**3 - 406*h**2 + 128*h + 2036. Determine q(-17).
438
Let g(u) = -203*u - 14673. What is g(-74)?
349
Let k(x) = -207429*x + 2489152. What is k(12)?
4
Let b(i) = -21*i**2 - 2237*i - 41016. Calculate b(-83).
-14
Let d(k) = -k**3 - 12*k**2 + 770*k + 4809. Calculate d(-6).
-27
Let w(u) = 9*u**2 + 8982*u + 607732. Determine w(-73).
7
Let z(a) = 219*a - 5601. Determine z(40).
3159
Let v(j) = -j**2 - 28*j + 3560. What is v(-69)?
731
Let i(v) = 1639*v**2 + 6449*v - 6449. Calculate i(1).
1639
Let p(w) = 2*w**3 + 60*w**2 + 121*w - 116. Calculate p(-28).
-368
Let p(g) = 7135*g - 1534009. Give p(215).
16
Let z(m) = m**2 + 88249*m - 4856709. Give z(55).
11
Let s(k) = k**3 - 53*k**2 + 86*k - 10703. Determine s(55).
77
Let s(c) = c**3 - 143*c**2 - 1678*c - 2214. Calculate s(154).
250
Let p(q) = -38*q - 1080. What is p(-6)?
-852
Let x(q) = -2*q**2 + 105*q - 1153. Determine x(18).
89
Let b(i) = -159*i - 509. Give b(-14).
1717
Let g(f) = 6213*f + 1826625. Give g(-294).
3
Let g(h) = 979*h + 129448. Give g(-133).
-759
Let l(y) = y**2 + 4901*y - 1336435. What is l(259)?
5
Let s(m) = 8*m**2 + 36*m - 388. Give s(0).
-388
Let w(r) = -615*r - 112111. What is w(-192)?
5969
Let n(c) = -23*c**2 + 223*c + 882. Calculate n(-3).
6
Let x(k) = 4063*k - 1950255. What is x(480)?
-15
Let r(h) = 1350*h - 7901. Calculate r(6).
199
Let h(z) = 10*z**2 - 899*z + 5690. Determine h(83).
-37
Let y(x) = -414*x + 1625. Give y(5).
-445
Let s(w) = 5*w**3 + 26*w**2 - 124*w + 18. Calculate s(5).
673
Let g(k) = -10*k**3 - 5198*k**2 - 4143*k + 4583. What is g(-519)?
-88
Let y(x) = 343*x + 5938. Determine y(-16).
450
Let g(m) = 2*m**3 - 265*m**2 + 443*m + 173. What is g(2)?
15
Let z(a) = -1002*a + 3555. What is z(4)?
-453
Let j(k) = 2*k**2 - 3682*k - 161754. Calculate j(-43).
270
Let l(i) = 158790*i + 4446084. Give l(-28).
-36
Let d(w) = -120*w**2 + 587*w + 101. Calculate d(5).
36
Let w(x) = 73*x**3 + 34*x**2 - 86*x + 25. Determine w(2).
573
Let v(y) = -257*y**2 + 1236*y + 1484. Calculate v(-1).
-9
Let c(z) = 23*z**3 + 992*z**2 + 134*z + 215. Give c(-43).
0
Let c(i) = -i**3 + 72*i**2 + 15*i - 1095. Give c(72).
-15
Let j(w) = -9*w**2 - 1946*w - 5266. What is j(-215)?
-2901
Let i(y) = y**2 - 495*y + 8072. Give i(17).
-54
Let i(k) = -170*k**2 + 1923*k - 2296. What is i(10)?
-66
Let t(z) = 3*z**3 - 509*z**2 - 126*z + 153. Calculate t(170).
7633
Let d(m) = 27700*m + 109747. Calculate d(-4).
-1053
Let i(h) = 49*h + 339. Determine i(-7).
-4
Let i(p) = 4*p**3 + p**2 + 31*p + 63. What is i(-2)?
-27
Let v(s) = s**3 + 8*s**2 - 73*s - 16. Give v(5).
-56
Let c(t) = -16076*t + 449813. Determine c(28).
-315
Let s(z) = -4*z**3 + 166*z**2 + 58*z + 1074. Calculate s(42).
-18
Let t(c) = -288*c**2 - 55000*c + 1536. What is t(-191)?
8
Let w(a) = -28*a**2 + 290*a + 339. Calculate w(11).
141
Let l(t) = -2*t**3 - 281*t**2 + 446*t + 3367. Determine l(-142).
527
Let z(t) = 2*t**2 + 6808*t - 3728644. Calculate z(480).
-4
Let o(l) = 53765*l + 3225906. Give o(-60).
6
Let b(w) = w**2 - 2265*w + 670220. Give b(350).
-30
Let q(c) = 467*c - 7552. Determine q(16).
-80
Let n(a) = -a**3 - 537*a**2 - 4210*a + 11699. Give n(-529).
61
Let p(d) = 197*d - 7772. Give p(43).
699
Let v(s) = 68293*s - 2526841. What is v(37)?
0
Let k(r) = -r**3 - 45*r**2 - 2*r - 118. Give k(-45).
-28
Let s(q) = -126*q**2 + 6*q + 2. Determine s(0).
2
Let j(v) = -8*v - 1353. Determine j(-56).
-905
Let h(d) = 43*d**3 - 11049*d**2 - 614*d + 25706. Give h(257).
6
Let s(v) = v**3 + 18*v**2 - 643*v + 213. Give s(-36).
33
Let a(c) = -17756*c + 195313. What is a(11)?
-3
Let v(i) = -1446*i**2 - 675273*i + 4213. Give v(-467).
10
Let l(y) = -5775*y - 36273. What is l(-7)?
4152
Let b(g) = -2*g**2 - 122*g + 14885. Give b(61).
1
Let h(w) = 1054*w - 8925. Calculate h(8).
-493
Let c(m) = m**3 + 36*m**2 - 284*m - 6506. Give c(-39).
7
Let o(m) = -222*m**2 + 13*m - 35. Calculate o(3).
-1994
Let u(m) = -38606*m - 10346400. Determine u(-268).
8
Let q(m) = -10336*m + 83338. Give q(8).
650
Let h(n) = 67*n**2 - 308*n + 146. What is h(4)?
-14
Let n(q) = -86010*q - 602071. Determine n(-7).
-1
Let y(v) = -v**3 + 4654*v**2 - 401802*v - 541. Give y(88).
-13
Let v(i) = -4882*i + 73228. What is v(15)?
-2
Let v(f) = f**2 - 907*f - 8201. Determine v(-9).
43
Let k(q) = -q**3 - 10*q**2 - 54*q - 365. Give k(-17).
2576
Let t(z) = -z**3 + 34*z**2 - 339*z + 876. Calculate t(14).
50
Let c(t) = 11*t**2 - 1559*t + 41081. Determine c(35).
-9
Let c(a) = -7354*a - 3972. Determine c(-1).
3382
Let c(j) = -4*j**3 + 45*j**2 - 47*j + 626. Calculate c(12).
-370
Let x(u) = -9*u**2 + 1101*u - 11900. Calculate x(12).
16
Let o(i) = -2*i**3 - 72*i**2 + 504*i + 154. What is o(-42)?
154
Let h(m) = 9*m**3 + 23*m**2 + 59*m + 235. Give h(-4).
-209
Let c(p) = 768*p + 11486. Calculate c(-15).
-34
Let l(h) = -h**3 + 69*h**2 - 184*h + 17790. Give l(70).
10
Let u(j) = 59*j**2 + 17*j - 7. Calculate u(-3).
473
Let h(r) = -6*r**2 + 28*r + 61932. Determine h(104).
-52
Let y(x) = x**3 - 217*x**2 - 5510*x - 2404. Determine y(240).
-4
Let u(q) = -q**2 - 3177*q - 25323. What is u(-8)?
29
Let z(u) = -7*u**2 - 173*u + 4879. Calculate z(17).
-85
Let x(o) = o**3 - 43*o**2 - 27*o - 537. What is x(44)?
211
Let j(c) = 9653*c - 21. Calculate j(0).
-21
Let k(w) = -3709*w + 649191. Give k(175).
116
Let u(o) = 134*o**2 + 37389*o + 829. What is u(-279)?
-8
Let h(a) = -a**3 - 509*a**2 + 53223*a + 626. Determine h(-598).
28
Let i(k) = k**3 - 389*k**2 + 29640*k - 804. Determine i(285).
-804
Let o(f) = -f**3 + 32*f**2 - 161*f - 954. Determine o(12).
-6
Let n(m) = -m**3 + 21*m**2 + 83*m - 1286. Determine n(7).
-19
Let j(z) = 46*z**2 + 5717*z + 17170. Determine j(-3).
433
Let w(b) = 10030*b + 110542. Calculate w(-11).
212
Let h(t) = 41872*t**2 + 167489*t + 8. Determine h(-4).
4
Let n(c) = 2*c**3 - 16*c**2 + 83*c - 616. Give n(8).
48
Let p(w) = 85*w**2 + 44*w + 16. What is p(3)?
913
Let n(g) = -13*g**3 - 30*g**2 - 16*g - 72. Determine n(-3).
57
Let z(b) = 31*b**2 - 596*b + 81. Give z(15).
-1884
Let q(l) = 11125*l - 19717. Determine q(2).
2533
Let h(i) = i**2 + 2539*i + 257. What is h(0)?
257
Let s(n) = -271*n**2 + 582*n - 1161. What is s(2)?
-1081
Let i(n) = 2*n**2 + 65123*n - 325643. What is i(5)?
22
Let t(a) = -92217*a + 461058. Calculate t(5).
-27
Let n(l) = 2*l**3 - 65*l**2 - 18*l - 162. What is n(32)?
-1762
Let a(h) = 9102*h - 1083150. Determine a(119).
-12
Let q(z) = 205*z + 31164. Calculate q(-150).
414
Let q(b) = 3075*b + 138340. Determine q(-45).
-35
Let o(q) = q**3 + 8*q**2 + 132*q + 1325. Give o(-10).
-195
Let a(k) = 304523*k + 3654260. Calculate a(-12).
-16
Let f(t) = t**3 + 14*t**2 + 26*t + 426. Give f(-15).
-189
Let h(l) = -129*l**3 + 13027*l**2 + 204*l - 219. Determine h(101).
-17
Let i(r) = r**3 - 30*r**2 + 107*r - 1450. Calculate i(28).
-22
Let n(j) = j**2 + 49*j - 517. Determine n(-65).
523
Let g(o) = 7*o**2